Let b = 7 + -5. Suppose 4*c + 98 = 4*m + 2*c, -67 = -b*m - 5*c. Suppose -4*n + m = -3*n. What is the tens digit of n?
2
Let s(h) = 3 - 3 + 14*h + 23*h**2 + 0. Let j(l) = 8*l**2 + 5*l. Let a(b) = -8*j(b) + 3*s(b). What is the tens digit of a(-3)?
3
Let l(y) = 63*y. Let t be l(1). Suppose 3*r - t = 30. Suppose r = x - 5*m, -3*x - m + 97 - 20 = 0. What is the tens digit of x?
2
What is the tens digit of ((-6)/1)/((-117)/2730)?
4
Let l be 307/(-6) - (-8)/(-288)*-6. Suppose 0 = -4*m - 5*r - 47, m - r = -0*m - 23. Let k = m - l. What is the units digit of k?
3
Let k(l) = -l**2 + 2*l - 1. Let o be k(1). Let i(y) = -y**3 - 19*y**2 - 19*y + 30. Let b be i(-18). Suppose o*m + m = b. What is the units digit of m?
8
Let b = -6 + 9. Let v(t) = -t + 3. Let i be v(b). Suppose i = 6*r - 4*r - 6. What is the units digit of r?
3
Suppose -2*q + 10 = -7*q. What is the tens digit of (4/(-6))/(q/147)?
4
Suppose -i + 6*i = 2605. What is the units digit of i?
1
What is the units digit of ((-3528)/(-70))/(6/525)?
0
Suppose 3*x - 4*g - 426 = 0, -3*x = -8*x + g + 727. Let d = 238 - x. Suppose -d = -3*u + 2*n + 2*n, 3*n = 12. What is the tens digit of u?
3
Suppose -50 = 2*v + 3*b, -4*v = v + b + 99. Let z = 3 - v. What is the units digit of z?
2
Suppose -205 + 17 = -o. What is the tens digit of o?
8
Let w = -16 + 16. Suppose w = -l + 102 - 21. Let v = l - 57. What is the units digit of v?
4
Suppose 0 = -2*f + 4*f - 88. Suppose v - 2*w = -3*w + f, 5*v = -3*w + 230. Let o = 75 - v. What is the units digit of o?
6
Let l = 18 + -36. Let o = l + 3. What is the tens digit of 1*(o/(-1) - 2)?
1
Let s = 275 + -188. Suppose -5*j + s = -2*j. What is the units digit of j?
9
What is the tens digit of 2*5/5*105/3?
7
Let h be 10/(-20) - (-22)/4. Suppose 2*x = h*f + 7, 2*x + 3 = -7*f + 2*f. Let y = x - -29. What is the units digit of y?
0
Suppose 9*g - 3*g = 8*g. Suppose g = 8*h - 13*h + 875. What is the hundreds digit of h?
1
Let g = -7972 + 11534. What is the thousands digit of g?
3
Suppose 10 = 2*i + 4. Suppose 2*c - c - 3*k + 13 = 0, -3*c + 21 = i*k. Suppose -d - 4*t + 15 = -23, -58 = -c*d - 2*t. What is the units digit of d?
6
Suppose -r - 3*x - 989 = -3*r, -1483 = -3*r + 4*x. What is the tens digit of r?
9
Let x = -39 - -40. What is the tens digit of (0 - x) + (71 - 4)?
6
Let q(b) = 8*b**2 - 72*b. What is the hundreds digit of q(-6)?
7
Let u be (1 + -4)/((-6)/2). Suppose -3*j - u = -4*j. What is the tens digit of 8/(-16)*(-39 + j)?
1
Let t be ((-1155)/9 + 3)*3. What is the tens digit of 1/(4/t*-2)?
4
Suppose 0 = 2*a - 4. Suppose 6*d - a = 5*d. Suppose y + 4*n - 4 = 3*n, -d*n - 8 = 0. What is the units digit of y?
8
Let g(v) = -3*v - 8. Let j be g(-4). Suppose -25 + 9 = -j*o. Suppose 5*l + o*z - 116 = 0, 2*l - 53 = z + 4*z. What is the tens digit of l?
2
Let p be -1*(-2 - ((-1 - -2) + -3)). What is the tens digit of -1 + p/3 + (-6 - -26)?
1
Suppose -2130 = -3*a + 3*f, -a + 10*f = 8*f - 706. What is the units digit of a?
4
Let n = 1003 + 94. What is the hundreds digit of n?
0
Suppose -11*d + 13*d - 2 = 0, f - 5*d = 3105. What is the thousands digit of f?
3
Let n(c) = c**2 + 10*c - 27. Let t be n(-12). Let k(p) = -p**3 + p**2 - p + 4. What is the tens digit of k(t)?
4
Let y(v) = v**3 - 67*v**2 + 43*v - 106. What is the tens digit of y(67)?
7
Let g(w) = 3 - 5 - 4 + 9*w**2 - 9 + w**3. What is the tens digit of g(-7)?
8
Let b(a) = -7*a**3 - 4*a**2 + a - 1. Let h = -2 + 0. Let l be b(h). Let g = 92 - l. What is the tens digit of g?
5
What is the thousands digit of -3*(-32)/12*293?
2
Suppose -10996 + 2545 = -27*r. What is the tens digit of r?
1
Suppose -1621 - 797 = -2*d - 2*m, 0 = 5*m + 20. What is the thousands digit of d?
1
Let h(y) = -2*y**3 - 60*y**2 - 58*y + 15. Let a be h(-29). Let x = 2 + -2. Suppose x = a*f - 12*f - 60. What is the tens digit of f?
2
Suppose 3*m + 25 = 2*m. Let w = -17 - m. Suppose 4*a - 8 = w. What is the units digit of a?
4
Suppose 8842 = 3*h + 5*a, 2*h - 3*a + 1415 - 7335 = 0. What is the tens digit of h?
5
What is the hundreds digit of 28389/45 - 4/(-30)?
6
Let p(t) = -189*t + 2. What is the hundreds digit of p(-1)?
1
Suppose -i = -4*v - 5*i + 1336, v + 2*i - 336 = 0. Let a = v - 209. What is the tens digit of a?
2
Let h(i) = 4*i**3 + 19*i**2 - 13*i + 8. Let m(k) = 20*k**2 + 7*k**3 + 6 - 2*k**3 + 9 - 6 - 13*k. Let q(z) = 6*h(z) - 5*m(z). What is the units digit of q(13)?
3
Let x be (-27)/(-12) + (-2)/8. Suppose 0 = 3*m - 4*m + x. Suppose -m*q + 22 = -34. What is the tens digit of q?
2
Let s be 8/(-3 - -7) - -8. Suppose 2*k + 0 = -s, 0 = h - k - 166. Suppose -y + 167 = 5*u, -5*u + y + h = -y. What is the units digit of u?
3
Suppose 93*d = 23*d + 57960. What is the tens digit of d?
2
Let g be 24*(6/(-9) + 1). Let s(n) = 2*n - 7. Let l be s(g). Suppose -5*a = -r + l, -2*r - 2*a = 3*a - 48. What is the tens digit of r?
1
Suppose -2*s + 41*s = 25272. What is the hundreds digit of s?
6
Let t(h) = 2*h - 5*h - 23*h**2 + h**3 + 19*h**2 + 1. What is the tens digit of t(6)?
5
Let h(u) = u**2 + 5*u - 2. Let s be h(-5). Let g be s/(-8) + (-9)/(-12). What is the units digit of g + 2 + -4 + 26?
5
Suppose 0 = -p + 2*p - 4, q = -3*p + 63. Let u be q/(9/6*1). Let r = 59 - u. What is the units digit of r?
5
Let f(k) = 3*k**2 - 10 - 10*k**2 + 3 + k**3 - 24*k + 21*k. Suppose 4*v + 18 = 50. What is the units digit of f(v)?
3
Let i(v) be the second derivative of v**4/4 - 5*v**3/3 + 9*v**2/2 + 28*v. What is the tens digit of i(6)?
5
Let v(s) be the third derivative of -s**6/30 + s**5/60 + s**4/12 - s**3/6 - 21*s**2. What is the tens digit of v(-2)?
3
Let k(i) = 7*i + 4 + 4 - 6. Let u(p) = -p + 11. Let h be u(8). What is the units digit of k(h)?
3
Let q(j) = j**3 - 14*j**2 - 8*j - 164. What is the hundreds digit of q(20)?
0
Let m(k) = -13 - 4 + k + 2*k**2 + k + 2*k. Let d be m(-7). Suppose -58 = -55*f + d*f. What is the units digit of f?
9
What is the tens digit of -3 - 1 - 64200/(-75)?
5
Let x(c) be the second derivative of c**4/4 + c**3/6 - 7*c**2/2 + 26*c. What is the units digit of x(5)?
3
Let a(t) = t**3 + 19*t**2 - 67*t + 8. What is the units digit of a(-20)?
8
Let c(g) = 4 - 22*g - 2 - 8 + 2*g. Let v be c(3). What is the units digit of (1 + 2)*v/(-9)?
2
What is the hundreds digit of 424 - (-5 + 2) - -5?
4
Let g(l) = l + 88. What is the hundreds digit of g(19)?
1
Suppose -d + 27 = 42. What is the units digit of ((-142)/5)/(3/d)?
2
Suppose 5*h - 3*m - 266 = 0, -m = 3*h + 2*h - 258. Suppose 5*x - s = 379, -4*x - 5*s + 379 = 70. Let y = x - h. What is the units digit of y?
4
Let q = 3424 - 1610. What is the hundreds digit of q?
8
Suppose 6*f - 3*f - 3*d = -114, 78 = -2*f + 3*d. What is the units digit of 92/1 - (34 + f)?
4
Suppose -f + m - 11 = 6*m, 3*f = 4*m + 24. What is the units digit of (788/24*f)/((-4)/(-6))?
7
Suppose -2*u = -3*h + 1675, -1120 = -2*h - u - u. What is the units digit of h?
9
Let h(g) = -g**3 - 5*g**2 - 5*g + 1. Let l be h(-4). Let i = -300 - -304. Suppose l*s - 270 = -i*t, -2*t = 2*t. What is the tens digit of s?
5
Let n be 2*9/24*(16 + -12). Suppose 0 = 2*h + n*u - 40, 0 = -4*h - u - 9 + 89. What is the units digit of h?
0
Suppose -1 = -o - 2*h, -o + 3*h + 48 = 2*o. Let a = o + 4. What is the units digit of a?
5
Let n = -19 + 38. Let b = 12 + n. What is the tens digit of b?
3
Let q be (-2778)/(-8) - ((-7)/4 - -1). What is the units digit of (9 + -5)*q/8?
4
Let u(a) = 158*a + 68. What is the hundreds digit of u(9)?
4
Let q be (-2)/7 + (-148)/(-28). What is the tens digit of q + (-2)/1 - -69?
7
Suppose -5*r + 4*a + 1740 - 381 = 0, 0 = -5*r - a + 1379. What is the units digit of r?
5
Let j = -4025 - -5989. What is the units digit of j?
4
Suppose 4*r - 3 = 3*k, -1 = 2*k + 3*r + 1. Let q be (-1 - -3) + (7 - 16). Let w = k - q. What is the units digit of w?
6
Suppose -2*t = -3*d - 2, 3*t = t + 4*d - 2. What is the hundreds digit of (-1)/(((-35)/855)/t)?
1
Suppose 8*n - 7*n = -6. Let o(j) = -8*j - 6. What is the tens digit of o(n)?
4
Let b(s) = s**2 + s - 6. Let g be b(-3). Let n(x) = -2*x**2 + 3*x + 18. What is the tens digit of n(g)?
1
Suppose 4*q - 44 = 712. What is the units digit of q?
9
Suppose -17*o = -19*o + 6. Suppose o*n + 7*n = 1300. What is the hundreds digit of n?
1
Suppose -5*o - 4 = -29. What is the tens digit of (45/(-2))/(-3 + o/2)?
4
Let n =